 + -12828034?
-12827817
In base 13, what is -1b - -3722c?
37211
In base 16, what is 262941b + -5?
2629416
In base 8, what is -6204 - -14660?
6454
In base 4, what is -121100331100 + 223?
-121100330211
In base 9, what is 1566662 + 3?
1566665
In base 16, what is -2bbdbcd + -3?
-2bbdbd0
In base 11, what is 5 + 4a07663?
4a07668
In base 11, what is -1a75892 + -7?
-1a75899
In base 15, what is 4 - a833ec?
-a833e8
In base 6, what is -2154441 - -114?
-2154323
In base 3, what is -212 + -10022102221?
-10022110210
In base 6, what is -5 + -111341033?
-111341042
In base 16, what is -6 - 14830d?
-148313
In base 9, what is 24 - -56627138?
56627163
In base 7, what is 111443 - 10565?
100545
In base 8, what is 27126635 - 4?
27126631
In base 6, what is 535553435 - -4?
535553443
In base 10, what is -4 + 210163178?
210163174
In base 7, what is -126 + 1210506?
1210350
In base 12, what is -473742 - -3a?
-473704
In base 13, what is -b900b9 + -2?
-b900bb
In base 11, what is -1409 - 2843?
-4151
In base 2, what is 101000111010110111 + -1110010001?
101000101100100110
In base 4, what is -2130 - 332333001?
-333001131
In base 14, what is -12ad - -839?
-874
In base 9, what is -187 - 286574?
-286772
In base 13, what is 993592 + 5?
993597
In base 10, what is -14743 - -1101?
-13642
In base 5, what is 3003302 - 314240?
2134012
In base 12, what is 10b7 + 281b?
3916
In base 7, what is -3305 - -135311?
132003
In base 13, what is -3 - 29a1126a?
-29a11270
In base 9, what is -1153457 + 277?
-1153170
In base 11, what is 2231a2 - -10a?
223301
In base 13, what is 21 - 2910100?
-29100ac
In base 6, what is -3 + -244422250?
-244422253
In base 5, what is -14 + 421312124?
421312110
In base 16, what is 0 - 63fb85?
-63fb85
In base 15, what is a9 + -518?
-45e
In base 13, what is 0 - -871a05?
871a05
In base 10, what is -50795 + 1037?
-49758
In base 4, what is 210322 - -1020323?
1231311
In base 8, what is 166652 + 115?
166767
In base 8, what is 225335 + 47?
225404
In base 7, what is 0 + 200140061?
200140061
In base 16, what is -132da4 + -18?
-132dbc
In base 8, what is 1620 + -44670?
-43050
In base 7, what is 36244 + -24442?
11502
In base 6, what is 1533 - -35153?
41130
In base 5, what is -143023230 + -1?
-143023231
In base 16, what is -7013 - 183?
-7196
In base 7, what is 162456251 + -10?
162456241
In base 12, what is 86 + -4a316?
-4a250
In base 14, what is 142 - 312611?
-3124ad
In base 12, what is 12858647a + 2?
128586480
In base 16, what is 4e26e5e + 6?
4e26e64
In base 12, what is 3ba924b8 - -4?
3ba92500
In base 13, what is 6a + c6c02?
c6c6c
In base 10, what is -15939144 + -4?
-15939148
In base 6, what is 10014200 + 544?
10015144
In base 3, what is 2000 - 10202010?
-10200010
In base 8, what is -3606264067 - -4?
-3606264063
In base 5, what is -21343213232 - 21?
-21343213303
In base 2, what is 110011100110111000000 + -1100011110?
110011100101010100010
In base 3, what is 1112220110 - -122122011?
2012112121
In base 8, what is 72027660 - 1?
72027657
In base 3, what is 2221100220202 + -20?
2221100220112
In base 16, what is -1a5 - -b32c?
b187
In base 2, what is 10010010101000111 - -1010100?
10010010110011011
In base 3, what is -122111 - -10000101?
2100220
In base 9, what is 566 + 63055?
63632
In base 15, what is d6 - 4794?
-46ad
In base 14, what is 28b054 - 8?
28b04a
In base 9, what is 1 - 256561183?
-256561182
In base 7, what is 44634 - 225?
44406
In base 9, what is -28 - -144458?
144430
In base 16, what is -44 + -29ff91?
-29ffd5
In base 4, what is 201311223 + 332333?
202310222
In base 6, what is 152205553 + 20?
152210013
In base 11, what is 7 + -383574a?
-3835743
In base 11, what is -1873931 - -2?
-187392a
In base 9, what is -36614 + -481?
-37205
In base 16, what is b + 2163f?
2164a
In base 8, what is 1 + 1261630216?
1261630217
In base 16, what is -a + -278e?
-2798
In base 10, what is -6 - 939527?
-939533
In base 15, what is 2 - 36eb319?
-36eb317
In base 13, what is 510203 - 4?
5101cc
In base 14, what is 2b158 - -424?
2b57c
In base 3, what is 10020100011101 + -12001?
10020022222100
In base 15, what is 840e + 2a0?
86ae
In base 11, what is 34a5 + -1114?
2391
In base 13, what is 11b + -a93bb?
-a92a0
In base 8, what is -11 - -22564610?
22564577
In base 9, what is 34738513 + 2?
34738515
In base 6, what is -4 - -222121211?
222121203
In base 8, what is -24 - 14122024?
-14122050
In base 4, what is 132102 + -323100310?
-322302202
In base 16, what is -2b9c1 + 1af?
-2b812
In base 3, what is -1 - 111011020222002?
-111011020222010
In base 10, what is -36984 - -2217?
-34767
In base 8, what is -30771 - -745?
-30024
In base 14, what is 1b0ad077b + 0?
1b0ad077b
In base 6, what is 5 + 10114224042?
10114224051
In base 5, what is -4232221 - -22323?
-4204343
In base 7, what is -11 + 132236033?
132236022
In base 12, what is -14b9390 + -4?
-14b9394
In base 8, what is 310274 + -4200?
304074
In base 16, what is 20fa7b1 + -3?
20fa7ae
In base 8, what is 356 - -14470?
15046
In base 14, what is 961 + -1d7?
768
In base 9, what is 4232 + 1315?
5547
In base 16, what is 16f - -20df?
224e
In base 3, what is -2122 + 121101000211?
121100221012
In base 2, what is -110 + 10111000111110010001011010?
10111000111110010001010100
In base 4, what is -10 + 2002013001012?
2002013001002
In base 7, what is 165520 + 131531?
330351
In base 9, what is 1741 - -22723?
24564
In base 3, what is 101100101 + 112000?
101212101
In base 4, what is 3000 + -13313320?
-13310320
In base 15, what is -1d + -a557?
-a575
In base 14, what is -690 + -a6bb?
-ad6b
In base 2, what is 111111 + 101101101000100?
101101110000011
In base 9, what is 11464 - 10674?
680
In base 16, what is -87dd + 54?
-8789
In base 16, what is -1795866 - 8?
-179586e
In base 4, what is 13211123 - -212301?
20030030
In base 3, what is 100212012210222 + 0?
100212012210222
In base 14, what is 33a27 + 1b?
33a44
In base 12, what is 1822682 + 56?
1822718
In base 16, what is 9 - 5014df0?
-5014de7
In base 5, what is 4441134133 + 3?
4441134141
In base 8, what is -5 + -211753621?
-211753626
In base 7, what is 35234115 + 345?
35234463
In base 3, what is 11 + 10210212012000?
10210212012011
In base 15, what is -36b + 2eb41?
2e7c5
In base 3, what is -1022022220101 + -100?
-1022022220201
In base 15, what is -13b1 + 624b?
4d8a
In base 9, what is -3585860515 - 0?
-3585860515
In base 7, what is 105366 + 2322?
111021
In base 4, what is 2221 - -113100230?
113103111
In base 6, what is -1 + 30215525?
30215524
In base 5, what is -21041443120 + -3?
-21041443123
In base 5, what is -132304113134 + -1?
-132304113140
In base 8, what is 120 - 11731?
-11611
In base 16, what is -4716 - 18d6?
-5fec
In base 3, what is -1200010210220 - 100?
-1200010211020
In base 7, what is 124 + -11315056?
-11314632
In base 3, what is 1102100001100 - 222?
1102100000101
In base 9, what is -164477412 + -4?
-164477416
In base 2, what is -10010010001001101101111 + -1?
-10010010001001101110000
In base 15, what is -47 + 8ba9c?
8ba55
In base 2, what is -11 - 10001001101001100100110?
-10001001101001100101001
In base 9, what is -245544172 + 8?
-245544163
In base 14, what is -65 - -46d?
408
In base 9, what is -3426035 + 370?
-3425555
In base 7, what is 10462301 + -5?
10462263
In base 8, what is 17 - 14206464?
-14206445
In base 16, what is 46 - -4306bb?
430701
In base 12, what is -4b808 - 94?
-4b8a0
In base 6, what is -22305 + -11251?
-34000
In base 7, what is -52005 - 54?
-52062
In base 16, what is -306 - 3f5c8?
-3f8ce
In base 15, what is 9b + -8b2?
-816
In base 9, what is -50543 + 8845?
-40587
In base 15, what is -3ca752 - -11?
-3ca741
In base 7, what is 4112 + 1323?
5435
In base 3, what is 12100102200 - 11?
12100102112
In base 14, what is -266ac1 + 108?
-2669b7
In base 6, what is 3332433 - -24301?
3401134
In base 10, what is 3584 - 5402?
-1818
In base 2, what is -100 + 111010101101001111000011?
111010101101001110111111
In base 9, what is -10528 - -763?
-8655
In base 8, what is 4040351 + -144?
4040205
In base 11, what is 35119 + 177?
35295
In base 11, what is 3854 - -4a382?
53126
In base 14, what is 1371 - 151?
1220
In base 4, what is 11302203002 + 11?
11302203013
In base 14, what is -32d4d - 1c3?
-33132
In base 11, what is -2879a28 - -4?
-2879a24
In base 15, what is 2c7e3 - 285?
2c55d
In base 3, what is -1 - 10001122001?
-10001122002
In base 13, what i